718 a multiple of 841?
False
Does 427 divide 911864?
False
Is 2352502 a multiple of 11?
False
Is 77169 a multiple of 139?
False
Does 7 divide 790755?
True
Is 253 a factor of 148764?
True
Does 106 divide 73882?
True
Is 6 a factor of 36762?
True
Is 257338 a multiple of 206?
False
Is 129989 a multiple of 43?
True
Does 210 divide 6345791?
False
Is 697275 a multiple of 25?
True
Does 7 divide 9420?
False
Does 11 divide 103972?
True
Does 93 divide 3403971?
False
Is 180 a factor of 3976020?
True
Is 135 a factor of 60084?
False
Is 105 a factor of 629158?
False
Is 3695758 a multiple of 169?
False
Is 3 a factor of 517955?
False
Does 15 divide 52083?
False
Is 1201473 a multiple of 351?
True
Does 56 divide 9800?
True
Is 6406100 a multiple of 116?
True
Is 340220 a multiple of 17?
False
Is 14 a factor of 1724930?
False
Does 16 divide 9856810?
False
Is 175 a factor of 2700075?
True
Does 4 divide 13712?
True
Does 6 divide 92090?
False
Is 304 a factor of 1140000?
True
Does 1611 divide 9247140?
True
Is 9 a factor of 754236?
True
Does 149 divide 116942?
False
Is 37 a factor of 213453?
True
Is 20115 a multiple of 3?
True
Is 87 a factor of 2164788?
False
Is 234627 a multiple of 7?
False
Does 3 divide 28770?
True
Does 78 divide 2988492?
True
Is 12677232 a multiple of 2283?
False
Does 10 divide 858500?
True
Does 12 divide 789669?
False
Is 187553 a multiple of 316?
False
Is 161213 a multiple of 174?
False
Does 7 divide 7682150?
True
Is 1515 a factor of 1222605?
True
Does 268 divide 35943?
False
Is 397 a factor of 6352?
True
Is 1090 a factor of 6379770?
True
Is 210121 a multiple of 230?
False
Does 18 divide 2784186?
True
Does 76 divide 296628?
True
Does 135 divide 2835?
True
Is 339030 a multiple of 18?
True
Is 48917 even?
False
Is 101384 a multiple of 92?
True
Is 3763258 a multiple of 28?
False
Is 11461263 a multiple of 33?
True
Is 67 a factor of 1075010?
False
Is 114044 a multiple of 8?
False
Does 815 divide 408848?
False
Is 20 a factor of 61360?
True
Is 38628 a multiple of 174?
True
Is 55 a factor of 129635?
True
Is 4 a factor of 16498?
False
Does 280 divide 1458639?
False
Does 100 divide 184500?
True
Is 16 a factor of 83728?
True
Is 152 a factor of 4159480?
True
Is 80443 a multiple of 87?
False
Is 107227 a multiple of 2?
False
Is 177330 a multiple of 69?
True
Is 9 a factor of 3749365?
False
Does 43 divide 8920154?
False
Is 320 a factor of 525380?
False
Is 660510 a multiple of 462?
False
Is 13924548 a multiple of 987?
False
Is 47598 a multiple of 19?
False
Does 779 divide 404119?
False
Is 1198066 a multiple of 262?
False
Is 683859 a multiple of 163?
False
Is 723537 a multiple of 6?
False
Does 214 divide 1280215?
False
Is 988955 a multiple of 78?
False
Is 166824 a multiple of 26?
False
Is 11158370 a multiple of 13?
False
Does 17 divide 11424680?
True
Is 48 a factor of 1258800?
True
Does 16 divide 140761?
False
Is 1635960 a multiple of 23?
False
Is 46 a factor of 330050?
True
Is 80 a factor of 8783760?
True
Does 5 divide 121073?
False
Is 54243 a multiple of 123?
True
Is 315176 a multiple of 103?
False
Is 149 a factor of 4470576?
False
Is 369101 a multiple of 19?
False
Is 735314 a multiple of 109?
True
Is 1797612 a multiple of 59?
True
Is 8619345 a multiple of 34?
False
Is 26 a factor of 22544288?
True
Is 11755532 a multiple of 101?
False
Is 19299072 a multiple of 768?
True
Does 11 divide 1067220?
True
Is 118 a factor of 931210?
False
Does 35 divide 187350?
False
Is 240 a factor of 282480?
True
Is 292 a factor of 182792?
True
Is 432959 a multiple of 14?
False
Is 681366 a multiple of 45?
False
Does 43 divide 402913?
False
Is 161160 a multiple of 60?
True
Is 138876 a multiple of 4?
True
Is 99879 a multiple of 32?
False
Does 12 divide 44156?
False
Does 8 divide 846592?
True
Is 7 a factor of 22710?
False
Is 5384841 a multiple of 11?
True
Is 4688 a multiple of 16?
True
Is 287 a factor of 23776521?
False
Is 21 a factor of 13895502?
False
Is 4975872 a multiple of 228?
True
Does 385 divide 1669770?
False
Is 9860 a multiple of 10?
True
Is 248 a factor of 153867?
False
Does 1196 divide 8543072?
False
Is 746205 a multiple of 275?
False
Is 42 a factor of 90992?
False
Is 39 a factor of 4413396?
True
Is 20 a factor of 215480?
True
Does 8 divide 19604?
False
Does 65 divide 387985?
True
Is 5581003 a multiple of 660?
False
Is 95160 a multiple of 122?
True
Does 132 divide 255148?
False
Does 33 divide 337219?
False
Is 64534 a multiple of 106?
False
Is 9971460 a multiple of 53?
False
Is 33 a factor of 274098?
True
Is 665171 a multiple of 247?
True
Is 30 a factor of 99802?
False
Is 3 a factor of 1052781?
True
Does 3 divide 612180?
True
Is 6 a factor of 1222100?
False
Is 1206020 a multiple of 883?
False
Is 494 a factor of 1847742?
False
Is 1115572 a multiple of 20?
False
Is 252898 a multiple of 566?
False
Is 464 a factor of 97938?
False
Is 61749 a multiple of 9?
True
Is 201670 a multiple of 301?
True
Does 138 divide 126712?
False
Does 178 divide 1064440?
True
Is 1766715 a multiple of 57?
True
Does 347 divide 3741007?
True
Is 13 a factor of 732953?
True
Does 167 divide 247993?
False
Is 3732660 a multiple of 36?
True
Is 289 a factor of 1236184?
False
Does 21 divide 344600?
False
Is 838084 a multiple of 6?
False
Is 23263 a multiple of 2?
False
Is 368 a factor of 456752?
False
Is 168782 a multiple of 3?
False
Is 9438 a multiple of 22?
True
Is 65 a factor of 350138?
False
Is 5102780 a multiple of 46?
True
Does 68 divide 1056856?
True
Does 1326 divide 4386674?
False
Is 773 a factor of 3214662?
False
Does 154 divide 763224?
True
Does 27 divide 150836?
False
Is 8 a factor of 4996?
False
Does 89 divide 85351?
True
Is 44765 a multiple of 29?
False
Does 54 divide 5786586?
True
Is 695 a factor of 399373?
False
Does 337 divide 790265?
True
Does 18 divide 2862?
True
Is 131427 a multiple of 51?
True
Is 96649 a multiple of 7?
True
Is 119 a factor of 175406?
True
Is 741694 a multiple of 1176?
False
Does 394 divide 4242592?
True
Is 3344210 a multiple of 18?
False
Is 607167 a multiple of 2?
False
Does 906 divide 8475630?
True
Is 4946472 a multiple of 412?
True
Is 41 a factor of 23406?
False
Does 32 divide 128359?
False
Is 4 a factor of 63516?
True
Does 26 divide 8941712?
True
Is 19 a factor of 446432?
False
Is 9 a factor of 1100007?
True
Is 339262 a multiple of 56?
False
Is 301674 a multiple of 14?
False
Is 65 a factor of 646360?
True
Is 928054 a multiple of 106?
False
Is 4402146 a multiple of 562?
True
Is 116454 a multiple of 33?
False
Is 957 a factor of 1584457?
False
Does 24 divide 11161?
False
Does 8 divide 5539176?
True
Is 7824488 a multiple of 17?
True
Is 191884 a multiple of 11?
True
Does 114 divide 12006077?
False
Is 34 a factor of 117912?
True
Does 65 divide 146705?
True
Is 632202 a multiple of 27?
False
Is 199 a factor of 395875?
False
Does 26 divide 319748?
True
Is 2365855 a multiple of 750?
False
Does 23 divide 54027?
True
Is 4957 a multiple of 59?
False
Is 323722 a multiple of 266?
True
Is 515 a factor of 16968369?
False
Is 118404 a multiple of 38?
False
Is 543824 a multiple of 82?
True
Is 3034796 a multiple of 16?
False
Is 7 a factor of 4150453?
False
Is 28495180 a multiple of 1295?
True
Does 54 divide 1161486?
True
Is 3181389 a multiple of 1127?
False
Is 13 a factor of 3347973?
False
Is 370 a factor of 1113700?
True
Is 4656752 a multiple of 21?
False
Is 9 a factor of 6713276?
False
Is 721 a factor of 1208066?
False
Is 7 a factor of 558411?
True
Does 77 divide 1683092?
False
Does 137 divide 3077016?
False
Is 15 a factor of 132709?
False
Is 5 a factor of 105378?
False
Does 24 divide 772389?
False
Is 359 a factor of 65983?
False
Does 190 divide 489630?
True
Is 4 a factor of 152492?
True
Is 504852 a multiple of 4?
True
Does 65 divide 180676?
False
Does 9 divide 112988?
False
Does 34 divide 24800?
False
Is 35 a factor of 121770?
False
Is 200 a factor of 16683?
False
Is 183 a factor of 44103?
True
Does 11 divide 517308?
True
Is 561492 a multiple of 9?
True
Is 77895 a multiple of 5?
True
Does 6 divide 307685?
False
Does 96 divide 1313184?
True
Is 7 a factor of 1815?
False
Is 306246 a multiple of 43?
True
Is 1379754 a multiple of 1069?
False
Is 57591 a multiple of 27?
True
Does 229 divide 192188?
False
Is 17 a factor of 211599?
True
Is 627975 a multiple of 75?
True
Is 22 a factor of 1957560?
True
I